se -4*v + f = -3*v - n, -46 = -4*v + 2*f. Calculate the highest common factor of 48 and v.
12
Let b be 1*(-8)/2*(-16)/1. Let s = 6 - -10. What is the highest common divisor of b and s?
16
Suppose -2*n + 5*n - 99 = 0. What is the greatest common divisor of n and 11?
11
Let s = 47 - 36. Let g be (-3)/15 + (-496)/(-5). What is the highest common factor of s and g?
11
Let t = 97 - 41. What is the greatest common divisor of 14 and t?
14
Suppose 5*s = 3*a + 2*a, -5*a = 5*s - 20. Suppose 0 = s*b + 2*b - 28. Suppose 3*h = b*h - 56. What is the greatest common divisor of h and 98?
14
Let c be 1/(-5) + 151/5. What is the highest common divisor of c and 270?
30
Suppose -4 = 5*m + z, 8 = 3*m + 2*m - 2*z. Let q be 8 - ((m - 0) + -1). Calculate the highest common factor of 36 and q.
9
Let r be 4/(-18) + (-38)/(-9). Suppose -r*h + 21 = -31. Calculate the highest common divisor of 65 and h.
13
Suppose -14 = -c - c. Suppose 0 = g - 0*g. Suppose -o + 1 = g, -2*f - 4*o - 101 = -5*f. What is the highest common divisor of c and f?
7
Suppose 0*w + 74 = -2*w. Let b = 10 + w. Let z be (-48)/b + 4/18. What is the greatest common divisor of 6 and z?
2
Suppose -2*j - 266 = -3*c, 2*c - 168 = 3*j + 11. Calculate the highest common factor of 22 and c.
22
Let k(a) = -a**3 + 5*a**2 + a - 2. Let d be k(5). Let o(g) = 3*g**2 - g + 6. Let i be o(d). Calculate the highest common divisor of i and 10.
10
Suppose 4*h = 2*h. Suppose h = 2*o + 59 - 195. Let y(p) = -18*p**3 - 2*p**2 - 2*p - 1. Let g be y(-1). What is the highest common divisor of o and g?
17
Let t(q) = -3 - 4*q**2 - 2*q**3 - 68*q + 68*q. Let w be t(-3). Calculate the greatest common divisor of w and 105.
15
Suppose 0 = 5*j + b - 83, -b - 92 = -5*j - 5*b. Calculate the greatest common divisor of 2 and j.
2
Suppose -2*m = -41 + 1. What is the highest common factor of m and 30?
10
Let j = 5 - 0. What is the highest common factor of 20 and j?
5
Let p(v) = -v**2 + v + 104. Let f be p(0). What is the highest common divisor of 13 and f?
13
Let s(t) = -5*t. Let k be s(-1). Suppose 4*i - 2*c = -7*c - 7, 3*i - 12 = 2*c. Let v be 2 + 1 - (4 - i). What is the highest common factor of v and k?
1
Let t be 2 - -4*(-2)/4. Let v = 2 + t. Suppose 2*w = -4*c + 36, -4*c - c + 27 = -v*w. What is the greatest common factor of c and 1?
1
Let h be 2/(-4) + 22/4. Let q(m) = m**3 - h*m**3 - m + 2*m**2 + 3*m**3. Let s be q(-3). Calculate the highest common divisor of s and 12.
12
Let b = -153 + 281. Calculate the highest common factor of b and 32.
32
Let t(n) = -n**3 - 8*n**2 + 9*n + 13. Let v = 3 - 12. Let w be t(v). Calculate the greatest common factor of 39 and w.
13
Let n = -50 + 79. Calculate the greatest common factor of 29 and n.
29
Let f(v) = 1 - 8*v**2 + v**3 + v + 2 + 0. Let c be f(8). Suppose -3 + c = n. What is the greatest common divisor of 8 and n?
8
Suppose -28 + 292 = -4*g. Let x be 4/22 + (-252)/g. Calculate the greatest common factor of x and 10.
2
Let u be ((-3)/6)/((-1)/34). Let l = 32 - u. What is the greatest common divisor of 150 and l?
15
Suppose 5*s = s + 72. Suppose -3*r + 8 = r + 2*z, -3*r + 3*z = -6. Calculate the highest common factor of s and r.
2
Let m(a) = 4*a**2 + 2*a + 1. Let f be m(3). What is the highest common factor of 301 and f?
43
Let f be 95*(-2 - (-4 + 1)). Calculate the greatest common factor of f and 19.
19
Let t(i) = -i + 1. Suppose -4*q = 4*z + 8, -2*z - z = q + 6. Let v = 0 + q. Let f be t(v). Calculate the highest common divisor of 3 and f.
1
Let j(c) = -39*c - 4. Let a(h) = -40*h - 3. Let q(i) = 5*a(i) - 4*j(i). Let k be q(-1). Let x = -91 + 109. Calculate the highest common divisor of x and k.
9
Let k(c) = c**3 + 23*c**2 - 3*c - 3. Let f be k(-23). What is the greatest common divisor of f and 6?
6
Let q(f) = 0 + 2*f**2 + 3 - 4*f + 7*f. Let b = -9 + 6. Let r be q(b). Calculate the greatest common factor of r and 48.
12
Suppose 243 = 5*t + c, 5*c - 2*c - 9 = 0. Suppose 0 = -3*g + g + 2*r + 24, -4*r = 0. What is the highest common divisor of t and g?
12
Let u(m) = -2*m + 14. Let p be u(0). Calculate the highest common divisor of p and 14.
14
Let a be 276/18*(-3)/(-4)*2. Calculate the greatest common divisor of a and 92.
23
Suppose 0 = -2*p - 47 + 137. What is the highest common factor of 9 and p?
9
Let f = 28 + 4. Suppose -2*h + h - 32 = -v, v = -3*h + f. Calculate the greatest common factor of v and 48.
16
Let a(b) = -b**2 - 3*b + 2. Let y be a(-4). Let k be y + 4 + (-2 - 0). Suppose k = 2*n + n - 42. What is the greatest common factor of n and 14?
14
Let u(a) = -a**3 - 2*a**2 + 6*a + 4. Let q be ((-1)/2)/(1/(-2)). Let n = -3 - q. Let i be u(n). What is the greatest common factor of i and 12?
12
Let u be (-3)/(-5)*40/4. Suppose 3*z = -3*t + 6, 4*z + 16 = 2*t + u. Calculate the greatest common factor of t and 9.
3
Let a(g) = 2*g**2 - 3*g + 1. Let y be a(3). Suppose -46 + y = -4*p. Let n = p + -3. What is the greatest common divisor of n and 4?
2
Let n = -24 - -26. Suppose 9 = n*l - 19. Calculate the greatest common divisor of l and 126.
14
Let x = 49 - 35. What is the greatest common factor of x and 126?
14
Suppose 0 = -3*r + 14 - 5, -3*h = 2*r - 15. Suppose 190 = 5*l + h*m, l + 4*m - 37 = 18. Suppose l + 13 = 3*i. Calculate the highest common divisor of i and 80.
16
Let o(d) = -d**2 + 4*d - 3. Let c be o(4). Let l be (-1)/((c + 2)/6). Calculate the greatest common factor of 30 and l.
6
Suppose h + 83 = 2*p + 2*h, -p - 5*h = -37. Suppose a + 2*y = 73, -2*a + 4*y + p = -64. Calculate the greatest common factor of 7 and a.
7
Let q(w) be the first derivative of -w**2/2 + 10*w - 1. Let x be q(7). Suppose 0 = -x*s + 76 - 4. What is the greatest common divisor of 16 and s?
8
Let p be -3 + (3 - 2) + 6. Let h = p + -2. Let l be 15*h*(-2)/(-12). What is the greatest common factor of l and 5?
5
Let k be (-65 + 11)*4/(-6). Calculate the greatest common divisor of k and 126.
18
Let u = 3 + 30. Let n(a) = a + 3. Let j be (0/(-3 - -1))/(-1). Let f be n(j). What is the highest common divisor of u and f?
3
Let b(j) = j + 9. Let a be b(-5). Suppose -a*z - 5*v - 17 = -0, 18 = 4*z - 2*v. Calculate the highest common factor of 14 and z.
2
Suppose -2 = -7*k + 26. What is the greatest common factor of k and 32?
4
Suppose 4*o + 0*p + 201 = -p, 3*o = 5*p - 122. Let q be 51/((6/(-4))/1). Let n = q - o. Calculate the greatest common factor of 135 and n.
15
Suppose 7*s - 12 = 2*s - n, 4*s - 3*n - 2 = 0. Let m be s/12 + (-411)/(-18). Let b = m - 5. What is the highest common factor of 18 and b?
18
Let q be (-6)/21 + 37/7. Let k be (-15)/3*1*-11. Calculate the greatest common divisor of q and k.
5
Suppose -3*x + 89 - 5 = 0. Calculate the highest common divisor of 224 and x.
28
Let b(l) = -l**2 - 5*l - 3. Let f be b(-2). Suppose 4*d = 12, -2*d = 2*r + 3*d - 87. Suppose -f*p + r = -0*p. Calculate the highest common divisor of 4 and p.
4
Let f be (-2)/10 + 141/5. Suppose -3*g = g - 280. Calculate the greatest common divisor of g and f.
14
Suppose 0 = -4*y + 2*f - 3*f + 135, 0 = 2*y + 2*f - 66. Let t = -12 + y. Calculate the greatest common divisor of t and 2.
2
Let t be 2*1 + (-24)/(-12). What is the highest common divisor of 44 and t?
4
Suppose -51*k + 46*k = -90. What is the greatest common divisor of k and 2?
2
Suppose -34*x + 38*x - 144 = 0. Suppose -4*v + 18 = -2*v. What is the greatest common divisor of x and v?
9
Suppose -q - 4*p = -64 - 18, 0 = -q - p + 88. Suppose 8*f - q = 3*f. Let w be 2*2/8*36. Calculate the greatest common divisor of f and w.
18
Let r be (-148)/(-28) - 6/21. What is the highest common divisor of 20 and r?
5
Suppose 3*b + 36 = 4*n, 2*n = -2*n - 2*b + 36. Suppose 4*f - 4*i - 141 = -3*i, 0 = f + 4*i - 48. Calculate the highest common divisor of f and n.
9
Suppose 5 = -m, -4*c + 320 + 1100 = 4*m. Let k be ((-5)/(-4))/(6/c). Calculate the greatest common divisor of 30 and k.
15
Let p = 46 + -42. What is the highest common divisor of p and 4?
4
Let u(t) = t - 1. Let k(a) = -14*a + 6. Let x(y) = -k(y) - 12*u(y). Let m be x(7). Let s be (0 - 20)*2/(-4). What is the highest common divisor of m and s?
10
Let t(b) = -b - 2. Let g be t(-5). Suppose v = -2*r + 6, 3 + g = -2*r. What is the greatest common factor of v and 84?
12
Let m(p) = -p + 28. Let b be m(0). Suppose -163 = -3*n - b. Suppose -w + y = -4*y 